{"id":16852,"date":"2024-11-18T21:42:41","date_gmt":"2024-11-18T21:42:41","guid":{"rendered":"https:\/\/www.zahnaerztin-thies.de\/servicios\/protesis-total\/"},"modified":"2026-03-24T07:48:53","modified_gmt":"2026-03-24T07:48:53","slug":"protesis-total","status":"publish","type":"page","link":"https:\/\/www.zahnaerztin-thies.de\/es\/servicios\/protesis-total\/","title":{"rendered":"Pr\u00f3tesis total"},"content":{"rendered":"<div class=\"fusion-fullwidth fullwidth-box fusion-builder-row-1 fusion-flex-container has-pattern-background has-mask-background nonhundred-percent-fullwidth non-hundred-percent-height-scrolling fusion-animated\" style=\"--awb-border-radius-top-left:0px;--awb-border-radius-top-right:0px;--awb-border-radius-bottom-right:0px;--awb-border-radius-bottom-left:0px;--awb-flex-wrap:wrap;\" data-animationType=\"fadeInUp\" data-animationDuration=\"1.5\" data-animationOffset=\"top-into-view\" ><div class=\"fusion-builder-row fusion-row fusion-flex-align-items-flex-start fusion-flex-content-wrap\" style=\"max-width:1456px;margin-left: calc(-4% \/ 2 );margin-right: calc(-4% \/ 2 );\"><div class=\"fusion-layout-column fusion_builder_column fusion-builder-column-0 fusion_builder_column_3_4 3_4 fusion-flex-column\" style=\"--awb-bg-size:cover;--awb-width-large:75%;--awb-margin-top-large:0px;--awb-spacing-right-large:2.56%;--awb-margin-bottom-large:20px;--awb-spacing-left-large:2.56%;--awb-width-medium:75%;--awb-order-medium:0;--awb-spacing-right-medium:2.56%;--awb-spacing-left-medium:2.56%;--awb-width-small:100%;--awb-order-small:0;--awb-spacing-right-small:1.92%;--awb-spacing-left-small:1.92%;\"><div class=\"fusion-column-wrapper fusion-column-has-shadow fusion-flex-justify-content-flex-start fusion-content-layout-column\"><div class=\"fusion-title title fusion-title-1 fusion-sep-none fusion-title-text fusion-title-size-one\" style=\"--awb-margin-top-small:10px;--awb-margin-right-small:0px;--awb-margin-bottom-small:10px;--awb-margin-left-small:0px;\"><h1 class=\"fusion-title-heading title-heading-left\" style=\"margin:0;\">Pr\u00f3tesis total<\/h1><\/div><div class=\"fusion-text fusion-text-1\"><p>Una dentadura completa es una soluci\u00f3n probada si ya no tienes ning\u00fan diente propio. No s\u00f3lo restaura la funci\u00f3n masticatoria, sino que tambi\u00e9n garantiza un aspecto natural y m\u00e1s confianza en ti mismo en la vida cotidiana.<\/p>\n<p><strong>Est\u00e9tico y natural<\/strong><\/p>\n<p>Las pr\u00f3tesis completas modernas son personalizadas y se adaptan perfectamente a la forma de tu cara. El color y la posici\u00f3n de los dientes se eligen para crear una sonrisa armoniosa y natural.<\/p>\n<p><strong>Funcional y adecuado para el uso diario<\/strong><\/p>\n<p>Con una pr\u00f3tesis completa hecha a medida, podr\u00e1s volver a hablar, re\u00edr y comer con seguridad. Favorece la funci\u00f3n natural de la mand\u00edbula y ayuda a mejorar significativamente tu calidad de vida.<\/p>\n<p><strong>Sujeci\u00f3n c\u00f3moda y segura<\/strong><\/p>\n<p>Gracias a un ajuste preciso y a los materiales modernos, la pr\u00f3tesis total es extremadamente c\u00f3moda de llevar. Si lo deseas, otras medidas adicionales pueden optimizar a\u00fan m\u00e1s la sujeci\u00f3n, para una sensaci\u00f3n de seguridad en cualquier situaci\u00f3n.<\/p>\n<p><strong>Asesoramiento individual y personalizaci\u00f3n<\/strong><\/p>\n<p>Cada persona es \u00fanica, por eso nos tomamos el tiempo necesario para ofrecerte un asesoramiento detallado. Juntos encontraremos la soluci\u00f3n \u00f3ptima que satisfaga tus necesidades tanto funcionales como est\u00e9ticas.<\/p>\n<\/div><\/div><\/div><\/div><\/div>\n","protected":false},"excerpt":{"rendered":"","protected":false},"author":21,"featured_media":0,"parent":16462,"menu_order":0,"comment_status":"closed","ping_status":"closed","template":"100-width.php","meta":{"footnotes":""},"class_list":["post-16852","page","type-page","status-publish","hentry"],"yoast_head":"<!-- This site is optimized with the Yoast SEO plugin v27.5 - https:\/\/yoast.com\/product\/yoast-seo-wordpress\/ -->\n<title>Pr\u00f3tesis totales - Pr\u00f3tesis est\u00e9ticas para una sujeci\u00f3n firme<\/title>\n<meta name=\"description\" content=\"La pr\u00f3tesis total como pr\u00f3tesis dental fiable: Est\u00e9tica, funcional y c\u00f3moda. Para una mejor calidad de vida y un apoyo seguro en la vida cotidiana.\" \/>\n<meta name=\"robots\" content=\"index, follow, max-snippet:-1, max-image-preview:large, max-video-preview:-1\" \/>\n<link rel=\"canonical\" href=\"https:\/\/www.zahnaerztin-thies.de\/es\/servicios\/protesis-total\/\" \/>\n<meta property=\"og:locale\" content=\"es_ES\" \/>\n<meta property=\"og:type\" content=\"article\" \/>\n<meta property=\"og:title\" content=\"Pr\u00f3tesis totales - Pr\u00f3tesis est\u00e9ticas para una sujeci\u00f3n firme\" \/>\n<meta property=\"og:description\" content=\"La pr\u00f3tesis total como pr\u00f3tesis dental fiable: Est\u00e9tica, funcional y c\u00f3moda. Para una mejor calidad de vida y un apoyo seguro en la vida cotidiana.\" \/>\n<meta property=\"og:url\" content=\"https:\/\/www.zahnaerztin-thies.de\/es\/servicios\/protesis-total\/\" \/>\n<meta property=\"og:site_name\" content=\"Zahn\u00e4rztin Dr. Thies\" \/>\n<meta property=\"article:publisher\" content=\"https:\/\/www.facebook.com\/ZahnarztpraxisDrThies\/\" \/>\n<meta property=\"article:modified_time\" content=\"2026-03-24T07:48:53+00:00\" \/>\n<meta property=\"og:image\" content=\"https:\/\/www.zahnaerztin-thies.de\/wp-content\/uploads\/thies-og-3.jpg\" \/>\n\t<meta property=\"og:image:width\" content=\"1200\" \/>\n\t<meta property=\"og:image:height\" content=\"630\" \/>\n\t<meta property=\"og:image:type\" content=\"image\/jpeg\" \/>\n<script type=\"application\/ld+json\" class=\"yoast-schema-graph\">{\"@context\":\"https:\\\/\\\/schema.org\",\"@graph\":[{\"@type\":\"WebPage\",\"@id\":\"https:\\\/\\\/www.zahnaerztin-thies.de\\\/es\\\/servicios\\\/protesis-total\\\/\",\"url\":\"https:\\\/\\\/www.zahnaerztin-thies.de\\\/es\\\/servicios\\\/protesis-total\\\/\",\"name\":\"Pr\u00f3tesis totales - Pr\u00f3tesis est\u00e9ticas para una sujeci\u00f3n firme\",\"isPartOf\":{\"@id\":\"https:\\\/\\\/www.zahnaerztin-thies.de\\\/es\\\/#website\"},\"datePublished\":\"2024-11-18T21:42:41+00:00\",\"dateModified\":\"2026-03-24T07:48:53+00:00\",\"description\":\"La pr\u00f3tesis total como pr\u00f3tesis dental fiable: Est\u00e9tica, funcional y c\u00f3moda. Para una mejor calidad de vida y un apoyo seguro en la vida cotidiana.\",\"breadcrumb\":{\"@id\":\"https:\\\/\\\/www.zahnaerztin-thies.de\\\/es\\\/servicios\\\/protesis-total\\\/#breadcrumb\"},\"inLanguage\":\"es\",\"potentialAction\":[{\"@type\":\"ReadAction\",\"target\":[\"https:\\\/\\\/www.zahnaerztin-thies.de\\\/es\\\/servicios\\\/protesis-total\\\/\"]}]},{\"@type\":\"BreadcrumbList\",\"@id\":\"https:\\\/\\\/www.zahnaerztin-thies.de\\\/es\\\/servicios\\\/protesis-total\\\/#breadcrumb\",\"itemListElement\":[{\"@type\":\"ListItem\",\"position\":1,\"name\":\"Home\",\"item\":\"https:\\\/\\\/www.zahnaerztin-thies.de\\\/es\\\/\"},{\"@type\":\"ListItem\",\"position\":2,\"name\":\"Servicios\",\"item\":\"https:\\\/\\\/www.zahnaerztin-thies.de\\\/es\\\/servicios\\\/\"},{\"@type\":\"ListItem\",\"position\":3,\"name\":\"Pr\u00f3tesis total\"}]},{\"@type\":\"WebSite\",\"@id\":\"https:\\\/\\\/www.zahnaerztin-thies.de\\\/es\\\/#website\",\"url\":\"https:\\\/\\\/www.zahnaerztin-thies.de\\\/es\\\/\",\"name\":\"Zahn\u00e4rztin Dr. Thies\",\"description\":\"Zahnarztpraxis Bochum\",\"publisher\":{\"@id\":\"https:\\\/\\\/www.zahnaerztin-thies.de\\\/es\\\/#organization\"},\"potentialAction\":[{\"@type\":\"SearchAction\",\"target\":{\"@type\":\"EntryPoint\",\"urlTemplate\":\"https:\\\/\\\/www.zahnaerztin-thies.de\\\/es\\\/?s={search_term_string}\"},\"query-input\":{\"@type\":\"PropertyValueSpecification\",\"valueRequired\":true,\"valueName\":\"search_term_string\"}}],\"inLanguage\":\"es\"},{\"@type\":\"Organization\",\"@id\":\"https:\\\/\\\/www.zahnaerztin-thies.de\\\/es\\\/#organization\",\"name\":\"Zahn\u00e4rztin Dr. Thies\",\"url\":\"https:\\\/\\\/www.zahnaerztin-thies.de\\\/es\\\/\",\"logo\":{\"@type\":\"ImageObject\",\"inLanguage\":\"es\",\"@id\":\"https:\\\/\\\/www.zahnaerztin-thies.de\\\/es\\\/#\\\/schema\\\/logo\\\/image\\\/\",\"url\":\"https:\\\/\\\/www.zahnaerztin-thies.de\\\/wp-content\\\/uploads\\\/Thies-Logo695.jpg\",\"contentUrl\":\"https:\\\/\\\/www.zahnaerztin-thies.de\\\/wp-content\\\/uploads\\\/Thies-Logo695.jpg\",\"width\":695,\"height\":695,\"caption\":\"Zahn\u00e4rztin Dr. Thies\"},\"image\":{\"@id\":\"https:\\\/\\\/www.zahnaerztin-thies.de\\\/es\\\/#\\\/schema\\\/logo\\\/image\\\/\"},\"sameAs\":[\"https:\\\/\\\/www.facebook.com\\\/ZahnarztpraxisDrThies\\\/\",\"https:\\\/\\\/www.youtube.com\\\/channel\\\/UCs1IcvkvQXT0nXMn9fLo2NQ\",\"https:\\\/\\\/www.instagram.com\\\/explore\\\/locations\\\/1031576357\\\/zahnarztpraxis-dr-alexandra-thies\\\/\"]}]}<\/script>\n<!-- \/ Yoast SEO plugin. -->","yoast_head_json":{"title":"Pr\u00f3tesis totales - Pr\u00f3tesis est\u00e9ticas para una sujeci\u00f3n firme","description":"La pr\u00f3tesis total como pr\u00f3tesis dental fiable: Est\u00e9tica, funcional y c\u00f3moda. Para una mejor calidad de vida y un apoyo seguro en la vida cotidiana.","robots":{"index":"index","follow":"follow","max-snippet":"max-snippet:-1","max-image-preview":"max-image-preview:large","max-video-preview":"max-video-preview:-1"},"canonical":"https:\/\/www.zahnaerztin-thies.de\/es\/servicios\/protesis-total\/","og_locale":"es_ES","og_type":"article","og_title":"Pr\u00f3tesis totales - Pr\u00f3tesis est\u00e9ticas para una sujeci\u00f3n firme","og_description":"La pr\u00f3tesis total como pr\u00f3tesis dental fiable: Est\u00e9tica, funcional y c\u00f3moda. Para una mejor calidad de vida y un apoyo seguro en la vida cotidiana.","og_url":"https:\/\/www.zahnaerztin-thies.de\/es\/servicios\/protesis-total\/","og_site_name":"Zahn\u00e4rztin Dr. Thies","article_publisher":"https:\/\/www.facebook.com\/ZahnarztpraxisDrThies\/","article_modified_time":"2026-03-24T07:48:53+00:00","og_image":[{"width":1200,"height":630,"url":"https:\/\/www.zahnaerztin-thies.de\/wp-content\/uploads\/thies-og-3.jpg","type":"image\/jpeg"}],"schema":{"@context":"https:\/\/schema.org","@graph":[{"@type":"WebPage","@id":"https:\/\/www.zahnaerztin-thies.de\/es\/servicios\/protesis-total\/","url":"https:\/\/www.zahnaerztin-thies.de\/es\/servicios\/protesis-total\/","name":"Pr\u00f3tesis totales - Pr\u00f3tesis est\u00e9ticas para una sujeci\u00f3n firme","isPartOf":{"@id":"https:\/\/www.zahnaerztin-thies.de\/es\/#website"},"datePublished":"2024-11-18T21:42:41+00:00","dateModified":"2026-03-24T07:48:53+00:00","description":"La pr\u00f3tesis total como pr\u00f3tesis dental fiable: Est\u00e9tica, funcional y c\u00f3moda. Para una mejor calidad de vida y un apoyo seguro en la vida cotidiana.","breadcrumb":{"@id":"https:\/\/www.zahnaerztin-thies.de\/es\/servicios\/protesis-total\/#breadcrumb"},"inLanguage":"es","potentialAction":[{"@type":"ReadAction","target":["https:\/\/www.zahnaerztin-thies.de\/es\/servicios\/protesis-total\/"]}]},{"@type":"BreadcrumbList","@id":"https:\/\/www.zahnaerztin-thies.de\/es\/servicios\/protesis-total\/#breadcrumb","itemListElement":[{"@type":"ListItem","position":1,"name":"Home","item":"https:\/\/www.zahnaerztin-thies.de\/es\/"},{"@type":"ListItem","position":2,"name":"Servicios","item":"https:\/\/www.zahnaerztin-thies.de\/es\/servicios\/"},{"@type":"ListItem","position":3,"name":"Pr\u00f3tesis total"}]},{"@type":"WebSite","@id":"https:\/\/www.zahnaerztin-thies.de\/es\/#website","url":"https:\/\/www.zahnaerztin-thies.de\/es\/","name":"Zahn\u00e4rztin Dr. Thies","description":"Zahnarztpraxis Bochum","publisher":{"@id":"https:\/\/www.zahnaerztin-thies.de\/es\/#organization"},"potentialAction":[{"@type":"SearchAction","target":{"@type":"EntryPoint","urlTemplate":"https:\/\/www.zahnaerztin-thies.de\/es\/?s={search_term_string}"},"query-input":{"@type":"PropertyValueSpecification","valueRequired":true,"valueName":"search_term_string"}}],"inLanguage":"es"},{"@type":"Organization","@id":"https:\/\/www.zahnaerztin-thies.de\/es\/#organization","name":"Zahn\u00e4rztin Dr. Thies","url":"https:\/\/www.zahnaerztin-thies.de\/es\/","logo":{"@type":"ImageObject","inLanguage":"es","@id":"https:\/\/www.zahnaerztin-thies.de\/es\/#\/schema\/logo\/image\/","url":"https:\/\/www.zahnaerztin-thies.de\/wp-content\/uploads\/Thies-Logo695.jpg","contentUrl":"https:\/\/www.zahnaerztin-thies.de\/wp-content\/uploads\/Thies-Logo695.jpg","width":695,"height":695,"caption":"Zahn\u00e4rztin Dr. Thies"},"image":{"@id":"https:\/\/www.zahnaerztin-thies.de\/es\/#\/schema\/logo\/image\/"},"sameAs":["https:\/\/www.facebook.com\/ZahnarztpraxisDrThies\/","https:\/\/www.youtube.com\/channel\/UCs1IcvkvQXT0nXMn9fLo2NQ","https:\/\/www.instagram.com\/explore\/locations\/1031576357\/zahnarztpraxis-dr-alexandra-thies\/"]}]}},"_links":{"self":[{"href":"https:\/\/www.zahnaerztin-thies.de\/es\/wp-json\/wp\/v2\/pages\/16852","targetHints":{"allow":["GET"]}}],"collection":[{"href":"https:\/\/www.zahnaerztin-thies.de\/es\/wp-json\/wp\/v2\/pages"}],"about":[{"href":"https:\/\/www.zahnaerztin-thies.de\/es\/wp-json\/wp\/v2\/types\/page"}],"author":[{"embeddable":true,"href":"https:\/\/www.zahnaerztin-thies.de\/es\/wp-json\/wp\/v2\/users\/21"}],"replies":[{"embeddable":true,"href":"https:\/\/www.zahnaerztin-thies.de\/es\/wp-json\/wp\/v2\/comments?post=16852"}],"version-history":[{"count":14,"href":"https:\/\/www.zahnaerztin-thies.de\/es\/wp-json\/wp\/v2\/pages\/16852\/revisions"}],"predecessor-version":[{"id":19977,"href":"https:\/\/www.zahnaerztin-thies.de\/es\/wp-json\/wp\/v2\/pages\/16852\/revisions\/19977"}],"up":[{"embeddable":true,"href":"https:\/\/www.zahnaerztin-thies.de\/es\/wp-json\/wp\/v2\/pages\/16462"}],"wp:attachment":[{"href":"https:\/\/www.zahnaerztin-thies.de\/es\/wp-json\/wp\/v2\/media?parent=16852"}],"curies":[{"name":"wp","href":"https:\/\/api.w.org\/{rel}","templated":true}]}}

Prótesis total

<div class="fusion-fullwidth fullwidth-box fusion-builder-row-1 fusion-flex-container has-pattern-background has-mask-background nonhundred-percent-fullwidth non-hundred-percent-height-scrolling fusion-animated" style="--awb-border-radius-top-left:0px;--awb-border-radius-top-right:0px;--awb-border-radius-bottom-right:0px;--awb-border-radius-bottom-left:0px;--awb-flex-wrap:wrap;" data-animationType="fadeInUp" data-animationDuration="1.5" data-animationOffset="top-into-view" ><div class="fusion-builder-row fusion-row fusion-flex-align-items-flex-start fusion-flex-content-wrap" style="max-width:1456px;margin-left: calc(-4% / 2 );margin-right: calc(-4% / 2 );"><div class="fusion-layout-column fusion_builder_column fusion-builder-column-0 fusion_builder_column_3_4 3_4 fusion-flex-column" style="--awb-bg-size:cover;--awb-width-large:75%;--awb-margin-top-large:0px;--awb-spacing-right-large:2.56%;--awb-margin-bottom-large:20px;--awb-spacing-left-large:2.56%;--awb-width-medium:75%;--awb-order-medium:0;--awb-spacing-right-medium:2.56%;--awb-spacing-left-medium:2.56%;--awb-width-small:100%;--awb-order-small:0;--awb-spacing-right-small:1.92%;--awb-spacing-left-small:1.92%;"><div class="fusion-column-wrapper fusion-column-has-shadow fusion-flex-justify-content-flex-start fusion-content-layout-column"><div class="fusion-title title fusion-title-1 fusion-sep-none fusion-title-text fusion-title-size-one" style="--awb-margin-top-small:10px;--awb-margin-right-small:0px;--awb-margin-bottom-small:10px;--awb-margin-left-small:0px;"><h1 class="fusion-title-heading title-heading-left" style="margin:0;">Prótesis total</h1></div><div class="fusion-text fusion-text-1"><p>Una dentadura completa es una solución probada si ya no tienes ningún diente propio. No sólo restaura la función masticatoria, sino que también garantiza un aspecto natural y más confianza en ti mismo en la vida cotidiana.</p>
<p><strong>Estético y natural</strong></p>
<p>Las prótesis completas modernas son personalizadas y se adaptan perfectamente a la forma de tu cara. El color y la posición de los dientes se eligen para crear una sonrisa armoniosa y natural.</p>
<p><strong>Funcional y adecuado para el uso diario</strong></p>
<p>Con una prótesis completa hecha a medida, podrás volver a hablar, reír y comer con seguridad. Favorece la función natural de la mandíbula y ayuda a mejorar significativamente tu calidad de vida.</p>
<p><strong>Sujeción cómoda y segura</strong></p>
<p>Gracias a un ajuste preciso y a los materiales modernos, la prótesis total es extremadamente cómoda de llevar. Si lo deseas, otras medidas adicionales pueden optimizar aún más la sujeción, para una sensación de seguridad en cualquier situación.</p>
<p><strong>Asesoramiento individual y personalización</strong></p>
<p>Cada persona es única, por eso nos tomamos el tiempo necesario para ofrecerte un asesoramiento detallado. Juntos encontraremos la solución óptima que satisfaga tus necesidades tanto funcionales como estéticas.</p>
</div></div></div></div></div>

<!-- This site is optimized with the Yoast SEO plugin v27.5 - https://yoast.com/product/yoast-seo-wordpress/ -->
<title>Prótesis totales - Prótesis estéticas para una sujeción firme</title>
<meta name="description" content="La prótesis total como prótesis dental fiable: Estética, funcional y cómoda. Para una mejor calidad de vida y un apoyo seguro en la vida cotidiana." />
<meta name="robots" content="index, follow, max-snippet:-1, max-image-preview:large, max-video-preview:-1" />
<link rel="canonical" href="https://www.zahnaerztin-thies.de/es/servicios/protesis-total/" />
<meta property="og:locale" content="es_ES" />
<meta property="og:type" content="article" />
<meta property="og:title" content="Prótesis totales - Prótesis estéticas para una sujeción firme" />
<meta property="og:description" content="La prótesis total como prótesis dental fiable: Estética, funcional y cómoda. Para una mejor calidad de vida y un apoyo seguro en la vida cotidiana." />
<meta property="og:url" content="https://www.zahnaerztin-thies.de/es/servicios/protesis-total/" />
<meta property="og:site_name" content="Zahnärztin Dr. Thies" />
<meta property="article:publisher" content="https://www.facebook.com/ZahnarztpraxisDrThies/" />
<meta property="article:modified_time" content="2026-03-24T07:48:53+00:00" />
<meta property="og:image" content="https://www.zahnaerztin-thies.de/wp-content/uploads/thies-og-3.jpg" />
	<meta property="og:image:width" content="1200" />
	<meta property="og:image:height" content="630" />
	<meta property="og:image:type" content="image/jpeg" />
<script type="application/ld+json" class="yoast-schema-graph">{"@context":"https:\/\/schema.org","@graph":[{"@type":"WebPage","@id":"https:\/\/www.zahnaerztin-thies.de\/es\/servicios\/protesis-total\/","url":"https:\/\/www.zahnaerztin-thies.de\/es\/servicios\/protesis-total\/","name":"Prótesis totales - Prótesis estéticas para una sujeción firme","isPartOf":{"@id":"https:\/\/www.zahnaerztin-thies.de\/es\/#website"},"datePublished":"2024-11-18T21:42:41+00:00","dateModified":"2026-03-24T07:48:53+00:00","description":"La prótesis total como prótesis dental fiable: Estética, funcional y cómoda. Para una mejor calidad de vida y un apoyo seguro en la vida cotidiana.","breadcrumb":{"@id":"https:\/\/www.zahnaerztin-thies.de\/es\/servicios\/protesis-total\/#breadcrumb"},"inLanguage":"es","potentialAction":[{"@type":"ReadAction","target":["https:\/\/www.zahnaerztin-thies.de\/es\/servicios\/protesis-total\/"]}]},{"@type":"BreadcrumbList","@id":"https:\/\/www.zahnaerztin-thies.de\/es\/servicios\/protesis-total\/#breadcrumb","itemListElement":[{"@type":"ListItem","position":1,"name":"Home","item":"https:\/\/www.zahnaerztin-thies.de\/es\/"},{"@type":"ListItem","position":2,"name":"Servicios","item":"https:\/\/www.zahnaerztin-thies.de\/es\/servicios\/"},{"@type":"ListItem","position":3,"name":"Prótesis total"}]},{"@type":"WebSite","@id":"https:\/\/www.zahnaerztin-thies.de\/es\/#website","url":"https:\/\/www.zahnaerztin-thies.de\/es\/","name":"Zahnärztin Dr. Thies","description":"Zahnarztpraxis Bochum","publisher":{"@id":"https:\/\/www.zahnaerztin-thies.de\/es\/#organization"},"potentialAction":[{"@type":"SearchAction","target":{"@type":"EntryPoint","urlTemplate":"https:\/\/www.zahnaerztin-thies.de\/es\/?s={search_term_string}"},"query-input":{"@type":"PropertyValueSpecification","valueRequired":true,"valueName":"search_term_string"}}],"inLanguage":"es"},{"@type":"Organization","@id":"https:\/\/www.zahnaerztin-thies.de\/es\/#organization","name":"Zahnärztin Dr. Thies","url":"https:\/\/www.zahnaerztin-thies.de\/es\/","logo":{"@type":"ImageObject","inLanguage":"es","@id":"https:\/\/www.zahnaerztin-thies.de\/es\/#\/schema\/logo\/image\/","url":"https:\/\/www.zahnaerztin-thies.de\/wp-content\/uploads\/Thies-Logo695.jpg","contentUrl":"https:\/\/www.zahnaerztin-thies.de\/wp-content\/uploads\/Thies-Logo695.jpg","width":695,"height":695,"caption":"Zahnärztin Dr. Thies"},"image":{"@id":"https:\/\/www.zahnaerztin-thies.de\/es\/#\/schema\/logo\/image\/"},"sameAs":["https:\/\/www.facebook.com\/ZahnarztpraxisDrThies\/","https:\/\/www.youtube.com\/channel\/UCs1IcvkvQXT0nXMn9fLo2NQ","https:\/\/www.instagram.com\/explore\/locations\/1031576357\/zahnarztpraxis-dr-alexandra-thies\/"]}]}</script>
<!-- / Yoast SEO plugin. -->

Prótesis totales - Prótesis estéticas para una sujeción firme

La prótesis total como prótesis dental fiable: Estética, funcional y cómoda. Para una mejor calidad de vida y un apoyo seguro en la vida cotidiana.

Zahnärztin Dr. Thies
